{"id":6,"date":"2017-07-20T18:04:00","date_gmt":"2017-07-20T18:04:00","guid":{"rendered":"http:\/\/merazzi.com.brindex.php\/contact-us\/"},"modified":"2017-07-20T20:47:26","modified_gmt":"2017-07-20T20:47:26","slug":"contact-us","status":"publish","type":"page","link":"https:\/\/merazzi.com.br\/index.php\/contact-us\/","title":{"rendered":"Contato"},"content":{"rendered":"<p>Ol\u00e1!<br \/>\nQueremos saber mais sobre voc\u00ea e as suas necessidades!<br \/>\nPreencha o formul\u00e1rio abaixo e entraremos em contato com voc\u00ea o mais breve poss\u00edvel!<\/p>\n<p>[wpforms id=&#8221;20&#8243;]<\/p>\n","protected":false},"excerpt":{"rendered":"<p>Ol\u00e1! Queremos saber mais sobre voc\u00ea e as suas necessidades! Preencha o formul\u00e1rio abaixo e entraremos em contato com voc\u00ea&hellip;<\/p>\n","protected":false},"author":1,"featured_media":0,"parent":0,"menu_order":0,"comment_status":"closed","ping_status":"closed","template":"","meta":{"_monsterinsights_skip_tracking":false,"_monsterinsights_sitenote_active":false,"_monsterinsights_sitenote_note":"","_monsterinsights_sitenote_category":0,"jetpack_post_was_ever_published":false,"footnotes":""},"class_list":["post-6","page","type-page","status-publish","hentry"],"jetpack-related-posts":[],"jetpack_sharing_enabled":true,"jetpack_shortlink":"https:\/\/wp.me\/P92syj-6","_links":{"self":[{"href":"https:\/\/merazzi.com.br\/index.php\/wp-json\/wp\/v2\/pages\/6","targetHints":{"allow":["GET"]}}],"collection":[{"href":"https:\/\/merazzi.com.br\/index.php\/wp-json\/wp\/v2\/pages"}],"about":[{"href":"https:\/\/merazzi.com.br\/index.php\/wp-json\/wp\/v2\/types\/page"}],"author":[{"embeddable":true,"href":"https:\/\/merazzi.com.br\/index.php\/wp-json\/wp\/v2\/users\/1"}],"replies":[{"embeddable":true,"href":"https:\/\/merazzi.com.br\/index.php\/wp-json\/wp\/v2\/comments?post=6"}],"version-history":[{"count":2,"href":"https:\/\/merazzi.com.br\/index.php\/wp-json\/wp\/v2\/pages\/6\/revisions"}],"predecessor-version":[{"id":21,"href":"https:\/\/merazzi.com.br\/index.php\/wp-json\/wp\/v2\/pages\/6\/revisions\/21"}],"wp:attachment":[{"href":"https:\/\/merazzi.com.br\/index.php\/wp-json\/wp\/v2\/media?parent=6"}],"curies":[{"name":"wp","href":"https:\/\/api.w.org\/{rel}","templated":true}]}}